 g**3 + 1 - 3*g. Let x be w(-5). What is the tens digit of (8/(-2))/(x/3)?
1
Suppose 0*o + 24 = 4*o + 2*r, 20 = 4*o + 4*r. What is the units digit of o?
7
Let w(j) = -10*j - 1. Let k = -1 - -2. Let q be k - (1 - 0) - 1. What is the units digit of w(q)?
9
Suppose 7*p - 8*p + 145 = 0. What is the units digit of p?
5
Let i(d) = -5*d - 2. Let b be i(2). What is the units digit of (-116)/b - 4/6?
9
Suppose w + 14 - 151 = 0. What is the tens digit of w?
3
Suppose 5*z - 2*d + 4*d = 8, d - 4 = -5*z. Suppose z = 2*t + 4 - 2. What is the units digit of (2 + t)/(1/7)?
7
Suppose 2*c + 155 = -3*c + 5*g, 5*g + 53 = -3*c. What is the tens digit of (9/3)/((-3)/c)?
2
Suppose -2*v = 2*v - 60. What is the units digit of v?
5
Suppose 0 = -2*c + 4 - 0. Suppose 0 = -c*m + 3*p + 1 - 5, -p = -2*m + 4. What is the units digit of m?
4
Let j(d) = d**3 - d**2 + d + 3. Let q be j(0). Suppose w = 0, 4*m - q*w - 44 = -2*w. What is the units digit of m?
1
Let v(l) = 2*l + 2. Let c be v(-1). Let k(f) = -f**2 + 5*f + 2. Let x be k(4). Suppose c*g = -g + x. What is the units digit of g?
6
Suppose 5*f = 3*f + 4. Suppose 4*p = -5*y + 33, 0*p + 6 = f*y + 4*p. What is the units digit of y?
9
Let t(r) = -r + 4. Let w be t(0). Suppose -28 - 84 = -w*c. What is the units digit of c?
8
Suppose 428 = 7*o + 36. What is the units digit of o?
6
Let n = 46 + -6. Let g = 72 - n. What is the units digit of g?
2
Let s(u) = 35*u - 10. What is the tens digit of s(7)?
3
Let t(r) = -r**2 - 9*r + 5. Let p be t(-11). Let j = 2 - p. What is the tens digit of j?
1
Let r(y) be the third derivative of y**6/360 - y**5/20 + y**4/24 - 3*y**2. Let d(s) be the second derivative of r(s). What is the units digit of d(4)?
2
Let z = 10 - -4. What is the units digit of z?
4
Let g(r) = -4*r**3 + 9*r**2 - 3*r - 2. Let v(m) = -3*m**3 + 8*m**2 - 3*m - 2. Let n(k) = 6*g(k) - 7*v(k). What is the tens digit of n(-2)?
1
Let w(h) = 40*h**2 - 1. Let m be w(1). Suppose m = 3*d + 12. What is the units digit of d?
9
Suppose 5*a - 4 = -2*s + 25, s - 14 = -3*a. What is the tens digit of s?
1
Let j(v) = -v - 12. Let s be j(-7). Let p = 26 + s. What is the units digit of p?
1
What is the units digit of (12 + -9)*807/9?
9
Suppose -2*t = -3*t + 11. Let v(a) = -a - 1. Let u be v(-5). Suppose -4*l = 5*k - 23, 0*l - t = -u*l - k. What is the units digit of l?
2
Let l(j) = 15*j**2 + 6*j + 5. What is the tens digit of l(-2)?
5
Let v(m) = m**2 - 4*m - 1. Let h be v(5). Let n be h/14 + (-12)/(-7). What is the units digit of 0 - 1 - (n - 15)?
2
Let m be -1 + 0 + 0 + 27. Let i = m + -15. What is the tens digit of i?
1
Suppose 5*x - 15 = w, -5*x = w + w - 15. What is the units digit of x?
3
Suppose -2*t = -10 - 8. Suppose -3*p - t = -3. What is the units digit of 7 + 2/4*p?
6
Let q(o) = o**2 - 5*o - 1. Let t be q(-5). Suppose 4*s - t = -5. What is the tens digit of s?
1
Suppose 20 = 3*z + z. Suppose 4*n - 4*w + z - 1 = 0, 0 = -w - 3. What is the units digit of 3/(-6)*n*3?
6
Suppose -624 = 31*t - 35*t. What is the tens digit of t?
5
Let v be 8/4 - (2 - 0). Suppose -5*g = -5*o - v*g + 15, 0 = 3*o - 2*g - 10. Suppose 3*m - o = 8. What is the units digit of m?
4
Let z be (8 + (1 - 1))/1. Let p be (z/(-10))/((-4)/70). Let a = p + -3. What is the tens digit of a?
1
Let y be (-6)/(-10) - 62/(-5). Let l(k) = -k**2 + 14*k - 9. Let p be l(y). Suppose p*i - 3*i - 14 = 0. What is the tens digit of i?
1
Let c be (-8)/(-14)*14/4. Let s(i) = -1 + 5*i + 15*i**2 - 3*i**c - 5*i. What is the tens digit of s(-1)?
1
Suppose 16 = 4*x, 2*l - 124 = -2*l - 5*x. Let f(g) = 2*g - 7. Let i be f(6). Suppose i*r - l = 4. What is the units digit of r?
6
Suppose -2*g = -2 - 8. Let m(l) = -4*l + 1. Let o(z) = -z. Let j(c) = -m(c) + 3*o(c). What is the units digit of j(g)?
4
Let w = -20 - -43. What is the units digit of w?
3
Let k(h) = -h**3 + h**2 - h + 5. Let p be k(0). Suppose -4*m + 13 = p*v - 3*m, -2*v - 3*m = 0. What is the units digit of v?
3
Let k(x) = x**3 - 8*x**2 - 8*x + 11. What is the units digit of k(9)?
0
Let i = 7 + -2. Suppose -x + 12 = -i*x. What is the units digit of 7 - (3 - (x + 6))?
7
Let a(t) = -t**3 - 15*t**2 + 3*t + 18. Let s be a(-15). Let b = s + 42. What is the units digit of b?
5
Let x = 29 + -2. What is the tens digit of x?
2
Suppose o = -o + 2. Let l(m) = 2*m**2 + 2*m - 1. Let d be l(o). Suppose 0 = -d*f - f + 28. What is the units digit of f?
7
Suppose -p - i = -5*p + 11, 13 = 5*p - i. Suppose -3*w + 80 = 3*h - 4*h, -p*h - 10 = 0. What is the tens digit of w?
2
Suppose 2*l + 27 = 5*l. Let o be 6/l + 4/3. Suppose -o*c + 7 = -1. What is the units digit of c?
4
Let h(p) be the first derivative of -p**4/4 + 2*p**3 + 6*p + 2. What is the units digit of h(6)?
6
Suppose -f = 2*a - 5, -3*a = -3*f + 6*f. Suppose -a*c + 6*c = 36. What is the units digit of c?
6
Let z = 160 + -76. What is the tens digit of z?
8
Let g(f) = f + 2. Let b be g(3). Suppose -42 = -d + 3*i, -d - b*i + 50 = -0*d. What is the units digit of d?
5
Let o(i) = i**3 + 6*i**2 - 9. Let c be o(-5). What is the units digit of c + 3 - (-2 + 2)?
9
What is the units digit of 2/(-11) - 234/(-198)?
1
Suppose -8 = -r - 2*x - x, -2*r = -4*x + 14. What is the tens digit of r - 2/1 - -28?
2
Let n(d) = d + 2. Let s be n(9). Let k = -7 + s. Suppose -i + 0*x + 6 = x, -k*x - 8 = 0. What is the units digit of i?
8
Suppose -3*u - u = 3*q - 77, 0 = 3*u - 2*q - 62. Let p = -44 + u. What is the units digit of -3*(p/(-9))/(-1)?
8
Suppose 0*o - 4*o + 168 = 0. What is the tens digit of o?
4
Suppose -h = 4*h - 40. Let d(m) = -2*m - 10. Let v be d(h). What is the tens digit of ((-4)/8)/(1/v)?
1
Let u(g) = -g**2 + 29*g + 10. What is the hundreds digit of u(14)?
2
Let s(w) = w**3 - 15*w**2 + 2*w + 6. What is the tens digit of s(15)?
3
Let p = -10 + 12. Let u be 3 + 4 + -3 + p. Suppose 3*f - u = f. What is the units digit of f?
3
Suppose -4*q = 2*i + 16, 0*i = i + 4*q + 16. Let b(x) = -x + 0 + i*x + 9. What is the units digit of b(-7)?
6
Let h = 23 - -38. What is the tens digit of h?
6
Let q(x) = 19*x - 40. What is the units digit of q(9)?
1
Let i be (3 + -1)*(-1 + 3). Let j(t) = t**2 - 5*t. Let f be j(5). Suppose -3*l + l + i = f. What is the units digit of l?
2
Let k = 32 - 11. What is the units digit of k?
1
Suppose -v - 2*v + 27 = 0. Let n(u) = v + 3*u - 4*u + 0. What is the units digit of n(7)?
2
Let b(q) = q**3 - 11*q**2 + 10*q + 8. Let h be b(10). Suppose 10*l - 6*l = h. What is the units digit of l?
2
Let c be (1/(-1)*19)/(-1). Let m(t) = t + 2. Let j be m(9). Let n = c - j. What is the units digit of n?
8
Let l = 3 + 0. Suppose l*q - q = 38. What is the units digit of q?
9
Suppose -6*g = -3*g - z - 21, 0 = 4*g - z - 28. Let h(n) = n - 4. Let j be h(g). Suppose 8 = j*i - 2*i. What is the units digit of i?
8
What is the units digit of 16 + (4 - (2 + -1))?
9
Let m(z) = z - 7. Let n be m(8). What is the units digit of n - ((-20)/(-2))/(-2)?
6
Suppose 2*m + 2*m = -16, 5*f + 5*m + 10 = 0. Suppose -f*k + 37 = 5*t, -2*k + 3*t + 46 = 3*k. What is the tens digit of k?
1
Let n(d) = d**2 + 5*d + 7. Let q = -1 - 4. What is the units digit of n(q)?
7
Let r(l) = l**3 + 10*l**2 + 4. What is the units digit of r(-10)?
4
Let u = -12 + 14. What is the tens digit of ((-78)/3)/(u/(-3))?
3
Let b(v) = 10*v + 8. What is the tens digit of b(12)?
2
Suppose -4*b + 3*w = -321, 4*w - 3*w - 75 = -b. What is the units digit of b?
8
Let a(l) = -5*l - 1. Let z(u) = -u. Let c(v) = -a(v) - 2*z(v). What is the units digit of c(3)?
2
Suppose 76 = -0*c + 4*c. Let u(y) = y + 13. Let k be u(-9). Suppose 0 = -a + 2*a + 5*l - c, 24 = 3*a + k*l. What is the units digit of a?
4
Let b(h) = 4*h**2 + h + 1. Let w be b(-1). Suppose -8 = w*p - 76. What is the tens digit of p?
1
Let r(l) = -l**3 + l**2 + l + 2. Let x be r(0). Let t(v) = -v**3 + 2*v**2 + 3*v - 3. What is the units digit of t(x)?
3
Suppose -251 = -4*p + 5*w, 2*p + 6*w - w - 103 = 0. What is the units digit of p?
9
Suppose -2*t - 4*n = -22, 2*t + 7 = 4*n - 3. What is the units digit of t?
3
Suppose 3*x - 9 = 33. What is the units digit of 7/(-2)*(-8)/x?
2
What is the tens digit of (34/4)/((-1)/(-2))?
1
Let d = -2 - -12. Let w be 54/d + (-2)/5. Let z = -2 + w. What is the units digit of z?
3
Let b = -50 + 72. Suppose -p + b = p. What is the tens digit of p?
1
Let h(v) = -4*v + 3*v - 3 + 